{"id":2506,"date":"1998-01-25T19:37:00","date_gmt":"1998-01-25T21:37:00","guid":{"rendered":"https:\/\/www.novosconfidentes.com.br\/site\/?page_id=2506"},"modified":"2023-01-25T20:37:46","modified_gmt":"2023-01-25T23:37:46","slug":"encontros-da-loja-decada-de-90-irmao-leonardo-b-estrela","status":"publish","type":"page","link":"https:\/\/www.novosconfidentes.com.br\/site\/encontros-da-loja-decada-de-90-irmao-leonardo-b-estrela\/","title":{"rendered":"Fotos Diversas &#8211; Encontros da Loja: D\u00e9cadas de 90 e 2000 &#8211; Irm\u00e3os da Loja nos Graus Superiores (Grau 33)"},"content":{"rendered":"\n<figure class=\"wp-block-gallery has-nested-images columns-default is-cropped wp-block-gallery-1 is-layout-flex wp-block-gallery-is-layout-flex\">\n<figure class=\"wp-block-image size-large\"><img loading=\"lazy\" decoding=\"async\" width=\"1024\" height=\"539\" data-id=\"2507\" src=\"https:\/\/www.novosconfidentes.com.br\/site\/wp-content\/uploads\/2023\/01\/91a75995-e79a-47b1-a887-24489d0e6a12-1024x539.jpg\" alt=\"\" class=\"wp-image-2507\" srcset=\"https:\/\/www.novosconfidentes.com.br\/site\/wp-content\/uploads\/2023\/01\/91a75995-e79a-47b1-a887-24489d0e6a12-1024x539.jpg 1024w, https:\/\/www.novosconfidentes.com.br\/site\/wp-content\/uploads\/2023\/01\/91a75995-e79a-47b1-a887-24489d0e6a12-300x158.jpg 300w, https:\/\/www.novosconfidentes.com.br\/site\/wp-content\/uploads\/2023\/01\/91a75995-e79a-47b1-a887-24489d0e6a12-768x404.jpg 768w, https:\/\/www.novosconfidentes.com.br\/site\/wp-content\/uploads\/2023\/01\/91a75995-e79a-47b1-a887-24489d0e6a12-624x329.jpg 624w, https:\/\/www.novosconfidentes.com.br\/site\/wp-content\/uploads\/2023\/01\/91a75995-e79a-47b1-a887-24489d0e6a12.jpg 1280w\" sizes=\"auto, (max-width: 1024px) 100vw, 1024px\" \/><\/figure>\n\n\n\n<figure class=\"wp-block-image size-large\"><img loading=\"lazy\" decoding=\"async\" width=\"1024\" height=\"643\" data-id=\"2508\" src=\"https:\/\/www.novosconfidentes.com.br\/site\/wp-content\/uploads\/2023\/01\/WhatsApp-Image-2022-03-28-at-17.38.41-1024x643.jpeg\" alt=\"\" class=\"wp-image-2508\" srcset=\"https:\/\/www.novosconfidentes.com.br\/site\/wp-content\/uploads\/2023\/01\/WhatsApp-Image-2022-03-28-at-17.38.41-1024x643.jpeg 1024w, https:\/\/www.novosconfidentes.com.br\/site\/wp-content\/uploads\/2023\/01\/WhatsApp-Image-2022-03-28-at-17.38.41-300x188.jpeg 300w, https:\/\/www.novosconfidentes.com.br\/site\/wp-content\/uploads\/2023\/01\/WhatsApp-Image-2022-03-28-at-17.38.41-768x482.jpeg 768w, https:\/\/www.novosconfidentes.com.br\/site\/wp-content\/uploads\/2023\/01\/WhatsApp-Image-2022-03-28-at-17.38.41-624x392.jpeg 624w, https:\/\/www.novosconfidentes.com.br\/site\/wp-content\/uploads\/2023\/01\/WhatsApp-Image-2022-03-28-at-17.38.41.jpeg 1280w\" sizes=\"auto, (max-width: 1024px) 100vw, 1024px\" \/><\/figure>\n<\/figure>\n\n\n\n<figure class=\"wp-block-gallery has-nested-images columns-default is-cropped wp-block-gallery-2 is-layout-flex wp-block-gallery-is-layout-flex\">\n<figure class=\"wp-block-image size-large\"><img loading=\"lazy\" decoding=\"async\" width=\"1024\" height=\"576\" data-id=\"2510\" src=\"https:\/\/www.novosconfidentes.com.br\/site\/wp-content\/uploads\/2023\/01\/IMG-20200630-WA0016-1024x576.jpeg\" alt=\"\" class=\"wp-image-2510\" srcset=\"https:\/\/www.novosconfidentes.com.br\/site\/wp-content\/uploads\/2023\/01\/IMG-20200630-WA0016-1024x576.jpeg 1024w, https:\/\/www.novosconfidentes.com.br\/site\/wp-content\/uploads\/2023\/01\/IMG-20200630-WA0016-300x169.jpeg 300w, https:\/\/www.novosconfidentes.com.br\/site\/wp-content\/uploads\/2023\/01\/IMG-20200630-WA0016-768x432.jpeg 768w, https:\/\/www.novosconfidentes.com.br\/site\/wp-content\/uploads\/2023\/01\/IMG-20200630-WA0016-1536x864.jpeg 1536w, https:\/\/www.novosconfidentes.com.br\/site\/wp-content\/uploads\/2023\/01\/IMG-20200630-WA0016-2048x1152.jpeg 2048w, https:\/\/www.novosconfidentes.com.br\/site\/wp-content\/uploads\/2023\/01\/IMG-20200630-WA0016-624x351.jpeg 624w\" sizes=\"auto, (max-width: 1024px) 100vw, 1024px\" \/><figcaption class=\"wp-element-caption\">Casa Irm\u00e3o Leonardo B. Estrela<\/figcaption><\/figure>\n<\/figure>\n\n\n\n<figure class=\"wp-block-gallery has-nested-images columns-default is-cropped wp-block-gallery-3 is-layout-flex wp-block-gallery-is-layout-flex\">\n<figure class=\"wp-block-image size-large\"><img loading=\"lazy\" decoding=\"async\" width=\"709\" height=\"468\" data-id=\"2522\" src=\"https:\/\/www.novosconfidentes.com.br\/site\/wp-content\/uploads\/2023\/01\/digitalizar0004.jpg\" alt=\"\" class=\"wp-image-2522\" srcset=\"https:\/\/www.novosconfidentes.com.br\/site\/wp-content\/uploads\/2023\/01\/digitalizar0004.jpg 709w, https:\/\/www.novosconfidentes.com.br\/site\/wp-content\/uploads\/2023\/01\/digitalizar0004-300x198.jpg 300w, https:\/\/www.novosconfidentes.com.br\/site\/wp-content\/uploads\/2023\/01\/digitalizar0004-624x412.jpg 624w\" sizes=\"auto, (max-width: 709px) 100vw, 709px\" \/><figcaption class=\"wp-element-caption\">Irm\u00e3o Jefferson<\/figcaption><\/figure>\n\n\n\n<figure class=\"wp-block-image size-large\"><img loading=\"lazy\" decoding=\"async\" width=\"709\" height=\"464\" data-id=\"2521\" src=\"https:\/\/www.novosconfidentes.com.br\/site\/wp-content\/uploads\/2023\/01\/digitalizar0006aa.jpg\" alt=\"\" class=\"wp-image-2521\" srcset=\"https:\/\/www.novosconfidentes.com.br\/site\/wp-content\/uploads\/2023\/01\/digitalizar0006aa.jpg 709w, https:\/\/www.novosconfidentes.com.br\/site\/wp-content\/uploads\/2023\/01\/digitalizar0006aa-300x196.jpg 300w, https:\/\/www.novosconfidentes.com.br\/site\/wp-content\/uploads\/2023\/01\/digitalizar0006aa-624x408.jpg 624w\" sizes=\"auto, (max-width: 709px) 100vw, 709px\" \/><figcaption class=\"wp-element-caption\">Irm\u00e3o J\u00f3s\u00e9 Clemente<\/figcaption><\/figure>\n\n\n\n<figure class=\"wp-block-image size-large\"><img loading=\"lazy\" decoding=\"async\" width=\"709\" height=\"461\" data-id=\"2523\" src=\"https:\/\/www.novosconfidentes.com.br\/site\/wp-content\/uploads\/2023\/01\/digitalizar0006bb.jpg\" alt=\"\" class=\"wp-image-2523\" srcset=\"https:\/\/www.novosconfidentes.com.br\/site\/wp-content\/uploads\/2023\/01\/digitalizar0006bb.jpg 709w, https:\/\/www.novosconfidentes.com.br\/site\/wp-content\/uploads\/2023\/01\/digitalizar0006bb-300x195.jpg 300w, https:\/\/www.novosconfidentes.com.br\/site\/wp-content\/uploads\/2023\/01\/digitalizar0006bb-624x406.jpg 624w\" sizes=\"auto, (max-width: 709px) 100vw, 709px\" \/><figcaption class=\"wp-element-caption\">Irm\u00e3o Roberto P. C. Carvalho<\/figcaption><\/figure>\n\n\n\n<figure class=\"wp-block-image size-large\"><img loading=\"lazy\" decoding=\"async\" width=\"709\" height=\"454\" data-id=\"2526\" src=\"https:\/\/www.novosconfidentes.com.br\/site\/wp-content\/uploads\/2023\/01\/digitalizar0010.jpg\" alt=\"\" class=\"wp-image-2526\" srcset=\"https:\/\/www.novosconfidentes.com.br\/site\/wp-content\/uploads\/2023\/01\/digitalizar0010.jpg 709w, https:\/\/www.novosconfidentes.com.br\/site\/wp-content\/uploads\/2023\/01\/digitalizar0010-300x192.jpg 300w, https:\/\/www.novosconfidentes.com.br\/site\/wp-content\/uploads\/2023\/01\/digitalizar0010-624x400.jpg 624w\" sizes=\"auto, (max-width: 709px) 100vw, 709px\" \/><figcaption class=\"wp-element-caption\">Irm\u00e3o Carlos Roberto Roque<\/figcaption><\/figure>\n\n\n\n<figure class=\"wp-block-image size-large\"><img loading=\"lazy\" decoding=\"async\" width=\"709\" height=\"464\" data-id=\"2527\" src=\"https:\/\/www.novosconfidentes.com.br\/site\/wp-content\/uploads\/2023\/01\/digitalizar0011.jpg\" alt=\"\" class=\"wp-image-2527\" srcset=\"https:\/\/www.novosconfidentes.com.br\/site\/wp-content\/uploads\/2023\/01\/digitalizar0011.jpg 709w, https:\/\/www.novosconfidentes.com.br\/site\/wp-content\/uploads\/2023\/01\/digitalizar0011-300x196.jpg 300w, https:\/\/www.novosconfidentes.com.br\/site\/wp-content\/uploads\/2023\/01\/digitalizar0011-624x408.jpg 624w\" sizes=\"auto, (max-width: 709px) 100vw, 709px\" \/><figcaption class=\"wp-element-caption\">Irm\u00e3o Manoel de Figueiredo Villarroel<\/figcaption><\/figure>\n<\/figure>\n\n\n\n<figure class=\"wp-block-gallery has-nested-images columns-default is-cropped wp-block-gallery-4 is-layout-flex wp-block-gallery-is-layout-flex\">\n<figure class=\"wp-block-image size-large\"><img loading=\"lazy\" decoding=\"async\" width=\"425\" height=\"319\" data-id=\"2535\" src=\"https:\/\/www.novosconfidentes.com.br\/site\/wp-content\/uploads\/2023\/01\/2005_0910Image0043.jpg\" alt=\"\" class=\"wp-image-2535\" srcset=\"https:\/\/www.novosconfidentes.com.br\/site\/wp-content\/uploads\/2023\/01\/2005_0910Image0043.jpg 425w, https:\/\/www.novosconfidentes.com.br\/site\/wp-content\/uploads\/2023\/01\/2005_0910Image0043-300x225.jpg 300w\" sizes=\"auto, (max-width: 425px) 100vw, 425px\" \/><\/figure>\n\n\n\n<figure class=\"wp-block-image size-large\"><img loading=\"lazy\" decoding=\"async\" width=\"425\" height=\"319\" data-id=\"2534\" src=\"https:\/\/www.novosconfidentes.com.br\/site\/wp-content\/uploads\/2023\/01\/2005_0910Image0044.jpg\" alt=\"\" class=\"wp-image-2534\" srcset=\"https:\/\/www.novosconfidentes.com.br\/site\/wp-content\/uploads\/2023\/01\/2005_0910Image0044.jpg 425w, https:\/\/www.novosconfidentes.com.br\/site\/wp-content\/uploads\/2023\/01\/2005_0910Image0044-300x225.jpg 300w\" sizes=\"auto, (max-width: 425px) 100vw, 425px\" \/><\/figure>\n\n\n\n<figure class=\"wp-block-image size-large\"><img loading=\"lazy\" decoding=\"async\" width=\"1024\" height=\"768\" data-id=\"2537\" src=\"https:\/\/www.novosconfidentes.com.br\/site\/wp-content\/uploads\/2023\/01\/Foto-Novos-Confidentes-1024x768.jpg\" alt=\"\" class=\"wp-image-2537\" srcset=\"https:\/\/www.novosconfidentes.com.br\/site\/wp-content\/uploads\/2023\/01\/Foto-Novos-Confidentes-1024x768.jpg 1024w, https:\/\/www.novosconfidentes.com.br\/site\/wp-content\/uploads\/2023\/01\/Foto-Novos-Confidentes-300x225.jpg 300w, https:\/\/www.novosconfidentes.com.br\/site\/wp-content\/uploads\/2023\/01\/Foto-Novos-Confidentes-768x576.jpg 768w, https:\/\/www.novosconfidentes.com.br\/site\/wp-content\/uploads\/2023\/01\/Foto-Novos-Confidentes-1536x1152.jpg 1536w, https:\/\/www.novosconfidentes.com.br\/site\/wp-content\/uploads\/2023\/01\/Foto-Novos-Confidentes-2048x1536.jpg 2048w, https:\/\/www.novosconfidentes.com.br\/site\/wp-content\/uploads\/2023\/01\/Foto-Novos-Confidentes-624x468.jpg 624w\" sizes=\"auto, (max-width: 1024px) 100vw, 1024px\" \/><\/figure>\n\n\n\n<figure class=\"wp-block-image size-large\"><img loading=\"lazy\" decoding=\"async\" width=\"768\" height=\"1024\" data-id=\"2536\" src=\"https:\/\/www.novosconfidentes.com.br\/site\/wp-content\/uploads\/2023\/01\/Foto-Rodrigo-768x1024.jpg\" alt=\"\" class=\"wp-image-2536\" srcset=\"https:\/\/www.novosconfidentes.com.br\/site\/wp-content\/uploads\/2023\/01\/Foto-Rodrigo-768x1024.jpg 768w, https:\/\/www.novosconfidentes.com.br\/site\/wp-content\/uploads\/2023\/01\/Foto-Rodrigo-225x300.jpg 225w, https:\/\/www.novosconfidentes.com.br\/site\/wp-content\/uploads\/2023\/01\/Foto-Rodrigo-1152x1536.jpg 1152w, https:\/\/www.novosconfidentes.com.br\/site\/wp-content\/uploads\/2023\/01\/Foto-Rodrigo-1536x2048.jpg 1536w, https:\/\/www.novosconfidentes.com.br\/site\/wp-content\/uploads\/2023\/01\/Foto-Rodrigo-624x832.jpg 624w, https:\/\/www.novosconfidentes.com.br\/site\/wp-content\/uploads\/2023\/01\/Foto-Rodrigo-scaled.jpg 1920w\" sizes=\"auto, (max-width: 768px) 100vw, 768px\" \/><\/figure>\n<\/figure>\n","protected":false},"excerpt":{"rendered":"","protected":false},"author":1,"featured_media":0,"parent":0,"menu_order":0,"comment_status":"closed","ping_status":"closed","template":"","meta":{"footnotes":""},"class_list":["post-2506","page","type-page","status-publish","hentry"],"_links":{"self":[{"href":"https:\/\/www.novosconfidentes.com.br\/site\/wp-json\/wp\/v2\/pages\/2506","targetHints":{"allow":["GET"]}}],"collection":[{"href":"https:\/\/www.novosconfidentes.com.br\/site\/wp-json\/wp\/v2\/pages"}],"about":[{"href":"https:\/\/www.novosconfidentes.com.br\/site\/wp-json\/wp\/v2\/types\/page"}],"author":[{"embeddable":true,"href":"https:\/\/www.novosconfidentes.com.br\/site\/wp-json\/wp\/v2\/users\/1"}],"replies":[{"embeddable":true,"href":"https:\/\/www.novosconfidentes.com.br\/site\/wp-json\/wp\/v2\/comments?post=2506"}],"version-history":[{"count":14,"href":"https:\/\/www.novosconfidentes.com.br\/site\/wp-json\/wp\/v2\/pages\/2506\/revisions"}],"predecessor-version":[{"id":2564,"href":"https:\/\/www.novosconfidentes.com.br\/site\/wp-json\/wp\/v2\/pages\/2506\/revisions\/2564"}],"wp:attachment":[{"href":"https:\/\/www.novosconfidentes.com.br\/site\/wp-json\/wp\/v2\/media?parent=2506"}],"curies":[{"name":"wp","href":"https:\/\/api.w.org\/{rel}","templated":true}]}}